 -457 - p. What is the tens digit of c?
6
Suppose 0 = -2*f + 1 + 1. Let c(b) = b + 2. Let p(v) = -133*v - 5. Let z(k) = -4*c(k) - p(k). What is the units digit of z(f)?
6
Let q(x) = x**2 - 2*x. Let w(r) = r**2 - 11*r + 8. Let a(c) = 5*q(c) - w(c). What is the tens digit of a(-5)?
8
Suppose 3*f - 17 = 7*f + p, -2*f - 11 = p. Let v be (1 + -1)/(3 + (-7 - f)). Suppose -9*j + 277 + 857 = v. What is the hundreds digit of j?
1
Let t = -19 - -15. What is the hundreds digit of (t*2/12)/(7/(-3738))?
3
What is the units digit of (-5 - -8) + 16 + 12815?
4
Suppose 5*d = 689 - 259. Let n = d + 157. What is the tens digit of (-2)/(-3)*n/2?
8
Let n be 12/(-10)*(-5 - (-38130)/(-12)). Suppose n + 3993 = 36*h. What is the units digit of h?
7
Suppose 8*o - 29 = -85. Let i = 10 + o. Suppose -i*r = 4*y - 64, 5*r + y - 116 = -y. What is the units digit of r?
4
Let y(x) = 55*x**3 + 14*x**2 - 2*x - 54. What is the tens digit of y(6)?
1
Let j = 328 + -321. Suppose -j*i = -260 - 461. What is the units digit of i?
3
Let v(l) be the first derivative of 4*l**3/3 - 3*l**2 + 10. What is the units digit of v(6)?
8
Suppose -2*b + b = 5*o - 25436, -4*b = 2*o - 101600. What is the tens digit of b?
9
Let u = 2300 - 1318. What is the tens digit of u?
8
Let t = -14551 - -19125. What is the hundreds digit of t?
5
Suppose -4*b - 307 + 1097 = 3*h, -h = 4*b - 274. Suppose 0 = -9*i - 9*i - 2358. Let g = h + i. What is the units digit of g?
7
Suppose x = 2*i + 2444, -10*i + 12206 = 5*x - 6*i. What is the hundreds digit of x?
4
Let o = 244 - 179. Suppose o*a - 59*a - 1356 = 0. What is the hundreds digit of a?
2
What is the thousands digit of ((-1506)/9)/(14 + (-11345)/810)?
7
What is the units digit of (-13806)/4*(-248)/558?
4
Let t(h) = 15*h**2 + 127*h - 98. What is the thousands digit of t(25)?
2
Suppose 0 = 4*d - 25 + 13. Suppose 0 = 3*a + 10*r - 12*r - 1230, -d*a - 4*r + 1230 = 0. What is the tens digit of a?
1
Suppose -4*j = -2*j + 4*g - 1662, 2*j - 3*g - 1683 = 0. Suppose 14*b + j = 17*b. What is the units digit of b?
9
Suppose 8 - 4 = n. Suppose 12 + 4 = n*v. Suppose -v*a + 2 = -58. What is the tens digit of a?
1
Suppose -5*q + 30 = 4*b, -11 = 2*q - 5*b + 10. Let c(o) = 23*o**2 - 1 + 120*o**3 + 3*o + 21*o**q - 46*o**2. What is the units digit of c(1)?
0
Let z(y) = 873*y + 4*y**2 - 49*y**3 - 872*y - 2*y**2. Suppose -l = 4*x - 3, x = 2*l - 4*x + 7. What is the units digit of z(l)?
0
Suppose -29*n + 20 = -33*n. Let u(a) = -6*a**3 - 4*a**2 + 6*a + 2. Let i be u(n). What is the hundreds digit of 10/(-15) - i/(-6) - 3?
1
Suppose 0 = -177*x - 1288200 + 2615698 + 1402019. What is the hundreds digit of x?
4
Let y be 33 + 10/(4 - -1). What is the tens digit of (14/y)/(6/705)?
4
Suppose -8*l = -1541 - 21499. Suppose -16*o - 24*o = -l. What is the units digit of o?
2
Let b(y) = -11*y - 16. Let u = 61 + -32. Suppose -u - 5 = 2*d. What is the tens digit of b(d)?
7
Suppose 0*m - 432 = -4*m. Let b = 3278 - 3270. Suppose 4*s = b*s - m. What is the tens digit of s?
2
Suppose 319*x - 4161921 = 5380645. What is the tens digit of x?
1
Let s = -16683 + 24147. What is the hundreds digit of s?
4
Suppose -6*k + 36 = 3*k. Suppose -k*h - d + 10 + 10 = 0, 0 = 3*h - d - 22. What is the units digit of h?
6
Suppose -2*r + 3*p - 5*p - 12 = 0, -20 = 2*r + 4*p. Let g = 14 + r. Suppose -g*l = -7*l - 175. What is the tens digit of l?
3
What is the tens digit of (3 - 14862/(-8))/((930/400)/31)?
1
Let h(s) = -4*s - 87. Let q be h(-23). Suppose q*v + 32840 = 25*v. What is the tens digit of v?
4
Let g = 6120 - 3204. Suppose 3*b + 12 = 0, -4*i - 3*b + 8*b = -g. What is the tens digit of i?
2
Let s(n) = n + 5. Let x be s(-3). Let i be 0/(-4) + x + 3 + -2. Suppose -i*m = -351 - 150. What is the tens digit of m?
6
Suppose -j - k = -5*j + 18, 3*j + 5*k - 25 = 0. Suppose -j*m = -m - 16. What is the tens digit of 74 - 0/m - 3?
7
Let p(u) = -983*u + 2109. What is the tens digit of p(-18)?
0
Suppose -2*r = -m - 4*r - 89, m - 3*r = -79. Let y = -76 - m. What is the units digit of y?
9
Let i be (-1*3)/((-33)/(-220)). Let s(y) = 2 - 37 - 2 - 5*y. What is the units digit of s(i)?
3
Let a(o) = 11*o**2 - 6*o - 2. Let j be a(-2). Let i = -51 + j. Suppose 4*k - 270 = -i*n, 5*n + 148 = 2*k - 0*n. What is the tens digit of k?
6
What is the units digit of ((-4)/(-2))/(((-3)/2253)/(65/(-10)))?
3
Let o = -60 - -63. Suppose 2*q + 28 = j, 0 = o*j - 6*j + 12. Let t(l) = -l**3 - 12*l**2 - 12*l - 23. What is the hundreds digit of t(q)?
1
Suppose 71*r = c + 73*r - 8634, 4*r + 25942 = 3*c. What is the tens digit of c?
4
Let f be (-12)/18 - 22/(-6). Let s be (-4020)/(-45) - (-2)/f. Suppose 4*v = -g + s, -8*g + 3*g = 2*v - 54. What is the units digit of v?
2
Let o be ((-16)/(-10))/((304/25320)/19). Let n = o - 1431. What is the tens digit of n?
0
Let i(z) = -6*z**2 - 41*z + 13. Let k be i(-7). Suppose -4*c + 313 = g, 4*c - 310 = -4*g + k*g. What is the tens digit of c?
7
Let i(k) = -61*k - 68. Let j be i(-5). What is the tens digit of (-6)/(-5 - 13)*j?
7
Let j(s) = 2*s**2 + 27*s - 13. Let q be j(-14). What is the units digit of 219 + (-4)/(-4)*2*q?
1
Suppose -16*z = 3164 + 468. Let k = z - -352. What is the tens digit of k?
2
What is the tens digit of 8/(-24) - 2904363/(-81)?
5
What is the hundreds digit of -7 + 276/40 + 59082/20?
9
Let v = 297 + 399. Suppose 6*o = 10*o - v. Let h = o + -123. What is the tens digit of h?
5
Suppose -41*t + 4304 = -10415. What is the hundreds digit of t?
3
Suppose 0 = 121*m + 263*m + 4209375 - 12981471. What is the units digit of m?
4
Let a(g) = -g**2 + 5*g + 13. Let f(q) = -q + 17. Let h be f(13). Let w be a(h). Let r(p) = 11*p - 51. What is the units digit of r(w)?
6
Suppose -214*z + 134*z = -2889440. What is the tens digit of z?
1
Let v = 1990 + -1210. Suppose -3 + 1 = -k. Suppose 4*t + v - 52 = 4*c, -k*t = 4*c - 722. What is the tens digit of c?
8
Let r(n) = 9*n + 17. Let h be r(0). Let a = h - -1029. What is the tens digit of a?
4
Suppose 2*c = 5*p, c + 1 = 3*p - 0*p. Suppose 2510 = -p*h + 5912. What is the tens digit of h?
0
Let z = -178 - -226. Let j = 912 + z. What is the units digit of j?
0
Let w(i) be the first derivative of i**2/2 - 5*i + 4460. Suppose r + 66 = 4*r. What is the tens digit of w(r)?
1
Let s(p) = 324*p - 1667. What is the tens digit of s(25)?
3
Suppose 13*x - 16*x + 45 = 0. Let l be (-1 + 46)*(-6 + 153/x). Suppose -39 - l = -4*c. What is the tens digit of c?
5
Let k be (-24)/(-180) - (-2507)/(-15). Let s = k - -252. Let u = s + -45. What is the tens digit of u?
4
Let v = 156 - 47. Let p = v + -107. Suppose -5*x = 2*i - 621 - 340, -376 = -p*x - 5*i. What is the tens digit of x?
9
Let z(v) be the second derivative of v**4/3 + 25*v**3/6 + 57*v**2/2 - 23*v. What is the units digit of z(-17)?
8
Let y = 12840 + -4150. What is the units digit of y?
0
Let t(j) = 4*j + 36. Let h be t(-7). What is the tens digit of (-5598)/(-120)*h - (-1)/(-5)?
7
Let h be (-4)/(-6) + 46/3. Let c(m) = 5*m - 116 + 254 - m - 122. What is the tens digit of c(h)?
8
Let d(j) = -62*j**3 - 9*j**2 + 20*j + 376. What is the units digit of d(-6)?
4
Let k = 83133 + -41738. What is the tens digit of k?
9
Let n(m) = -m**3 + 45*m**2 + 8*m - 355. Let c be n(45). Let u(r) be the first derivative of 7*r**3/3 + 2*r**2 - 11*r + 1. What is the units digit of u(c)?
4
Suppose 519*g - 600 = 529*g. Let w(d) = d**3 - 3*d**2 + 2*d - 3. Let k be w(3). What is the units digit of (k - (-21)/(-6))*g?
0
Let x = -140 - -121. Let m = 107 + x. What is the tens digit of m?
8
Let p(q) = -242*q + 605. What is the units digit of p(-6)?
7
Suppose -m = -7 + 8, -4*m = -4*t + 8520. What is the tens digit of t?
2
Suppose 38*t - 63*t + 24 = -1. Let k(c) = 132*c + 3. Let q(n) = -7525*n - 172. Let x(w) = 172*k(w) + 3*q(w). What is the tens digit of x(t)?
2
Let r(h) = 4*h**2 + 16*h - 1. Let d be r(-5). Let j(b) = 69*b - 274. What is the units digit of j(d)?
7
Suppose -483 = -5*o + 2*o. Suppose 211 + o = 2*a + x, -3*a = -3*x - 540. Suppose 3*u = 3, -4*m + 652 = -4*u + a. What is the units digit of m?
8
Let i be 2460/14 + (-16)/(-56). Let w(b) = -b**2 - 10*b - 17. Let a be w(-7). Suppose -3*n = 2*f - i, -2*n + a*f = -5 - 139. What is the units digit of n?
2
Let b be (230/92)/((-10)/(-8)). What is the units digit of 2 - (b + -2) - -132?
4
What is the ten thousands d